What are the prime factors of 8630?
2, 5, 863
What are the prime factors of 4272?
2, 3, 89
List the prime factors of 8494.
2, 31, 137
List the prime factors of 33491.
107, 313
List the prime factors of 6854.
2, 23, 149
What are the prime factors of 17659?
17659
What are the prime factors of 54896?
2, 47, 73
List the prime factors of 2294.
2, 31, 37
What are the prime factors of 573?
3, 191
List the prime factors of 3556.
2, 7, 127
What are the prime factors of 18100?
2, 5, 181
List the prime factors of 8419.
8419
What are the prime factors of 15933?
3, 47, 113
What are the prime factors of 11030?
2, 5, 1103
List the prime factors of 57130.
2, 5, 29, 197
What are the prime factors of 27826?
2, 13913
List the prime factors of 3969.
3, 7
List the prime factors of 7299.
3, 811
What are the prime factors of 8521?
8521
What are the prime factors of 6734?
2, 7, 13, 37
What are the prime factors of 2717?
11, 13, 19
List the prime factors of 5170.
2, 5, 11, 47
List the prime factors of 44545.
5, 59, 151
What are the prime factors of 1755?
3, 5, 13
What are the prime factors of 4231?
4231
What are the prime factors of 22486?
2, 11243
What are the prime factors of 10605?
3, 5, 7, 101
List the prime factors of 9105.
3, 5, 607
What are the prime factors of 8200?
2, 5, 41
List the prime factors of 65.
5, 13
List the prime factors of 181998.
2, 3, 10111
List the prime factors of 9619.
9619
List the prime factors of 792.
2, 3, 11
What are the prime factors of 520?
2, 5, 13
List the prime factors of 54186.
2, 3, 11, 821
List the prime factors of 159939.
3, 13, 1367
List the prime factors of 174581.
11, 59, 269
What are the prime factors of 2849?
7, 11, 37
What are the prime factors of 505?
5, 101
What are the prime factors of 621?
3, 23
List the prime factors of 1319.
1319
What are the prime factors of 6952?
2, 11, 79
What are the prime factors of 4836?
2, 3, 13, 31
List the prime factors of 83324.
2, 37, 563
List the prime factors of 507.
3, 13
List the prime factors of 3746.
2, 1873
List the prime factors of 1753.
1753
What are the prime factors of 29604?
2, 3, 2467
What are the prime factors of 551?
19, 29
List the prime factors of 22.
2, 11
What are the prime factors of 3832?
2, 479
List the prime factors of 2234.
2, 1117
List the prime factors of 21971.
127, 173
List the prime factors of 871.
13, 67
List the prime factors of 1830.
2, 3, 5, 61
List the prime factors of 28090.
2, 5, 53
What are the prime factors of 59971?
59971
List the prime factors of 2158.
2, 13, 83
List the prime factors of 8440.
2, 5, 211
What are the prime factors of 3011?
3011
List the prime factors of 1412.
2, 353
List the prime factors of 162489.
3, 54163
What are the prime factors of 16139?
16139
List the prime factors of 111.
3, 37
List the prime factors of 2198.
2, 7, 157
List the prime factors of 78478.
2, 39239
List the prime factors of 67634.
2, 7, 4831
What are the prime factors of 700?
2, 5, 7
List the prime factors of 4341.
3, 1447
What are the prime factors of 1667?
1667
What are the prime factors of 13435?
5, 2687
What are the prime factors of 34892?
2, 11, 13, 61
What are the prime factors of 4474?
2, 2237
What are the prime factors of 5557?
5557
What are the prime factors of 790?
2, 5, 79
What are the prime factors of 427?
7, 61
List the prime factors of 12642.
2, 3, 7, 43
List the prime factors of 642.
2, 3, 107
List the prime factors of 6876.
2, 3, 191
List the prime factors of 24543.
3, 101
What are the prime factors of 54494?
2, 11, 2477
What are the prime factors of 107675?
5, 59, 73
What are the prime factors of 1378?
2, 13, 53
What are the prime factors of 13980?
2, 3, 5, 233
List the prime factors of 28255.
5, 5651
What are the prime factors of 4315?
5, 863
What are the prime factors of 4932?
2, 3, 137
List the prime factors of 2062.
2, 1031
List the prime factors of 12894.
2, 3, 7, 307
List the prime factors of 41260.
2, 5, 2063
What are the prime factors of 2785?
5, 557
List the prime factors of 39942.
2, 3, 7, 317
List the prime factors of 3039.
3, 1013
List the prime factors of 54147.
3, 18049
What are the prime factors of 4404?
2, 3, 367
List the prime factors of 1505.
5, 7, 43
List the prime factors of 1108.
2, 277
List the prime factors of 336.
2, 3, 7
What are the prime factors of 750?
2, 3, 5
What are the prime factors of 2049?
3, 683
List the prime factors of 38137.
11, 3467
List the prime factors of 2636.
2, 659
List the prime factors of 3253.
3253
What are the prime factors of 1521?
3, 13
List the prime factors of 145345.
5, 41, 709
What are the prime factors of 3452?
2, 863
List the prime factors of 4286.
2, 2143
What are the prime factors of 6358?
2, 11, 17
List the prime factors of 3267.
3, 11
What are the prime factors of 57271?
57271
List the prime factors of 25702.
2, 71, 181
List the prime factors of 34546.
2, 23, 751
List the prime factors of 55516.
2, 13879
List the prime factors of 91938.
2, 3, 7, 11, 199
What are the prime factors of 9461?
9461
List the prime factors of 3036.
2, 3, 11, 23
List the prime factors of 1258.
2, 17, 37
List the prime factors of 1631.
7, 233
What are the prime factors of 11834?
2, 61, 97
List the prime factors of 36820.
2, 5, 7, 263
What are the prime factors of 17215?
5, 11, 313
What are the prime factors of 73911?
3, 71, 347
What are the prime factors of 1675?
5, 67
List the prime factors of 2478.
2, 3, 7, 59
What are the prime factors of 146724?
2, 3, 12227
What are the prime factors of 2603?
19, 137
What are the prime factors of 2823?
3, 941
List the prime factors of 1019.
1019
What are the prime factors of 94074?
2, 3, 15679
What are the prime factors of 1904?
2, 7, 17
What are the prime factors of 5828?
2, 31, 47
List the prime factors of 315.
3, 5, 7
List the prime factors of 3666.
2, 3, 13, 47
List the prime factors of 8546.
2, 4273
List the prime factors of 16353.
3, 23, 79
What are the prime factors of 1107?
3, 41
List the prime factors of 18856.
2, 2357
List the prime factors of 16384.
2
What are the prime factors of 1651?
13, 127
List the prime factors of 76829.
76829
List the prime factors of 504.
2, 3, 7
List the prime factors of 1994.
2, 997
What are the prime factors of 7004?
2, 17, 103
What are the prime factors of 2192?
2, 137
List the prime factors of 1755.
3, 5, 13
List the prime factors of 31247.
31247
What are the prime factors of 22772?
2, 5693
List the prime factors of 32841.
3, 41, 89
What are the prime factors of 149116?
2, 11, 3389
List the prime factors of 32593.
11, 2963
List the prime factors of 13592.
2, 1699
List the prime factors of 7090.
2, 5, 709
List the prime factors of 27878.
2, 53, 263
What are the prime factors of 2474?
2, 1237
What are the prime factors of 32350?
2, 5, 647
What are the prime factors of 132386?
2, 37, 1789
List the prime factors of 8344.
2, 7, 149
List the prime factors of 9798.
2, 3, 23, 71
List the prime factors of 2718.
2, 3, 151
What are the prime factors of 28206?
2, 3, 1567
List the prime factors of 182652.
2, 3, 31, 491
List the prime factors of 11046.
2, 3, 7, 263
What are the prime factors of 4887?
3, 181
What are the prime factors of 53195?
5, 10639
List the prime factors of 27720.
2, 3, 5, 7, 11
List the prime factors of 4688.
2, 293
List the prime factors of 10335.
3, 5, 13, 53
What are the prime factors of 131694?
2, 3, 47, 467
What are the prime factors of 81937?
81937
What are the prime factors of 3254?
2, 1627
List the prime factors of 68959.
11, 6269
List the prime factors of 2899.
13, 223
List the prime factors of 659.
659
What are the prime factors of 59485?
5, 11897
List the prime factors of 16475.
5, 659
What are the prime factors of 6901?
67, 103
What are the prime factors of 2010?
2, 3, 5, 67
What are the prime factors of 2725?
5, 109
List the prime factors of 1398.
2, 3, 233
What are the prime factors of 7419?
3, 2473
List the prime factors of 56442.
2, 3, 23, 409
List the prime factors of 9606.
2, 3, 1601
What are the prime factors of 21814?
2, 13, 839
What are the prime factors of 77895?
3, 5, 577
What are the prime factors of 24802?
2, 12401
List the prime factors of 722.
2, 19
List the prime factors of 51822.
2, 3, 2879
What are the prime factors of 26645?
5, 73
List the prime factors of 1377.
3, 17
List the prime factors o